{"id":11234,"date":"2015-05-27T10:04:07","date_gmt":"2015-05-27T10:04:07","guid":{"rendered":"https:\/\/www.fgupm.es\/?page_id=11234"},"modified":"2025-02-19T09:20:32","modified_gmt":"2025-02-19T09:20:32","slug":"patronato","status":"publish","type":"page","link":"https:\/\/www.fgupm.es\/?page_id=11234","title":{"rendered":"Patronato"},"content":{"rendered":"<p><div class=\"fusion-fullwidth fullwidth-box fusion-builder-row-1 hundred-percent-fullwidth non-hundred-percent-height-scrolling\" style=\"--awb-border-radius-top-left:0px;--awb-border-radius-top-right:0px;--awb-border-radius-bottom-right:0px;--awb-border-radius-bottom-left:0px;--awb-overflow:visible;--awb-flex-wrap:wrap;\" ><div class=\"fusion-builder-row fusion-row\"><div class=\"fusion-layout-column fusion_builder_column fusion-builder-column-0 fusion_builder_column_1_1 1_1 fusion-one-full fusion-column-first fusion-column-last\" style=\"--awb-bg-size:cover;\"><div class=\"fusion-column-wrapper fusion-flex-column-wrapper-legacy\"><div class=\"fusion-text fusion-text-1\"><h2 class=\"p1\">Presidencia de Honor<\/h2>\n<p class=\"p2\">Su Majestad la Reina de Espa\u00f1a D\u00f1a. Sof\u00eda de Grecia.<\/p>\n<p class=\"p3\"><span class=\"s1\"><strong>Patronato<\/strong>\u00a0<\/span>(a 12 de febrero de 2025)<\/p>\n<h2>Patronos natos<\/h2>\n<div class=\"table-1\">\n<table width=\"100%\">\n<tbody>\n<tr>\n<td>Garc\u00eda Su\u00e1rez, \u00d3scar<\/td>\n<td><strong>Presidente.<\/strong> Rector Magn\u00edfico de la UPM<\/td>\n<\/tr>\n<tr>\n<td>Chaparro Pel\u00e1ez, Jos\u00e9 Juli\u00e1n<\/td>\n<td>Vicerrector de Asuntos Econ\u00f3micos de la UPM<\/td>\n<\/tr>\n<tr>\n<td>G\u00e1mez Mej\u00edas, Berta Mar\u00eda<\/td>\n<td>Secretaria General de la UPM<\/td>\n<\/tr>\n<tr>\n<td>Alonso Rodrigo, Gustavo<\/td>\n<td>Director de la ETSI Aeron\u00e1utica y del Espacio de la UPM<\/td>\n<\/tr>\n<tr>\n<td>Arranz Justel, Jos\u00e9 Juan<\/td>\n<td>Director de la ETSI Topograf\u00eda, Geodesia y Cartograf\u00eda de la UPM<\/td>\n<\/tr>\n<tr>\n<td>Atienza Riera, Jos\u00e9 Miguel<\/td>\n<td>Director ETSI Caminos, Canales y Puertos de la UPM<\/td>\n<\/tr>\n<tr>\n<td>Blanco Lage Manuel<\/td>\n<td>Director de la ETS de Arquitectura de la UPM<\/td>\n<\/tr>\n<tr>\n<td>Carrillo Ramiro, Isabel<\/td>\n<td>Vicerrectora de Estudiantes, Empleabilidad y Extensi\u00f3n Universitaria de la UPM<\/td>\n<\/tr>\n<tr>\n<td>Cisneros P\u00e9rez, Guillermo<\/td>\n<td>Anterior Rector de la UPM. Catedr\u00e1tico de la UPM<\/td>\n<\/tr>\n<tr>\n<td>Cobo Escamilla, Alfonso<\/td>\n<td>Director ETS Edificaci\u00f3n de la UPM<\/td>\n<\/tr>\n<tr>\n<td>Crucelaegui Corvinos, Antonio<\/td>\n<td>Director de la ETSI Navales de la UPM<\/td>\n<\/tr>\n<tr>\n<td>Elorza Tenreiro, Francisco Javier<\/td>\n<td>Director de la ETSI Minas y Energ\u00eda de la UPM<\/td>\n<\/tr>\n<tr>\n<td>Garc\u00eda Esteban, Luis<\/td>\n<td>Director de la ETSI Montes, Forestal y del Medio Natural de la UPM<\/td>\n<\/tr>\n<tr>\n<td>Garrido Colmenero, Alberto<\/td>\n<td>Vicerrector de Estrategia Acad\u00e9mica y Calidad de la UPM<\/td>\n<\/tr>\n<tr>\n<td>G\u00f3mez Encinas, Vicente Felipe<\/td>\n<td>Decano de la Facultad de Ciencias de la Actividad F\u00edsica y del Deporte- INEF de la UPM<\/td>\n<\/tr>\n<tr>\n<td>G\u00f3mez Fern\u00e1ndez, Luis<\/td>\n<td>Vicerrector de Investigaci\u00f3n y Doctorado de la UPM<\/td>\n<\/tr>\n<tr>\n<td>Gonz\u00e1lez Crespo, Amador Miguel<\/td>\n<td>Director de la ETS de Ingenier\u00eda y Sistemas de Telecomunicaci\u00f3n de la UPM<\/td>\n<\/tr>\n<tr>\n<td>M\u00e1s L\u00f3pez, Mar\u00eda Isabel<\/td>\n<td>Vicerrectora de Infraestructuras y Sostenibilidad de la UPM<\/td>\n<\/tr>\n<tr>\n<td>Palacios Alberti, Jos\u00e9 Manuel<\/td>\n<td>Director de la ETSI Agron\u00f3mica, Alimentaria y de Biosistemas de la UPM<\/td>\n<\/tr>\n<tr>\n<td>Pescador del Oso, Fernando<\/td>\n<td>Vicerrector para Universidad Digital de la UPM<\/td>\n<\/tr>\n<tr>\n<td>Robles Forcada, V\u00edctor<\/td>\n<td>Gerente de la UPM<\/td>\n<\/tr>\n<tr>\n<td>Ruiz Rom\u00e1n, Jose Manuel<\/td>\n<td>Vicerrector de Profesorado de la UPM<\/td>\n<\/tr>\n<tr>\n<td>Salgado \u00c1lvarez de Sotomayor, Luis<\/td>\n<td>Vicerrector de Internacionalizaci\u00f3n de la UPM<\/td>\n<\/tr>\n<tr>\n<td>Sierra Casta\u00f1er Manuel<\/td>\n<td>Director de la ETSI Telecomunicaci\u00f3n de la UPM<\/td>\n<\/tr>\n<tr>\n<td>Soriano Camino, Francisco Javier<\/td>\n<td>Director de la ETSI Inform\u00e1tica de la UPM<\/td>\n<\/tr>\n<tr>\n<td>Yag\u00fce Panadero, Agust\u00edn<\/td>\n<td>Director de la ETSI de Sistemas Inform\u00e1ticos de la UPM<\/td>\n<\/tr>\n<tr>\n<td><\/td>\n<td>Director de la ETSI y Dise\u00f1o Industrial de la UPM<\/td>\n<\/tr>\n<tr>\n<td><\/td>\n<td>Director de la ETSI Industriales de la UPM<\/td>\n<\/tr>\n<\/tbody>\n<\/table>\n<\/div>\n<\/div><div class=\"fusion-text fusion-text-2\"><h2>Patronos Electivos<\/h2>\n<div class=\"table-1\">\n<table width=\"100%\">\n<tbody>\n<tr>\n<td>Lage Gonz\u00e1lez, Julio<\/td>\n<td>Presidente del Consejo Social de la UPM<\/td>\n<\/tr>\n<tr>\n<td><\/td>\n<td><\/td>\n<\/tr>\n<\/tbody>\n<\/table>\n<\/div>\n<\/div><div class=\"fusion-text fusion-text-3\"><h2 class=\"p2\">Comisi\u00f3n Delegada<\/h2>\n<p class=\"p2\"><strong>(a 22 de junio de 2022)<\/strong><\/p>\n<div class=\"table-1\">\n<table width=\"100%\">\n<tbody>\n<tr>\n<td>Garc\u00eda Su\u00e1rez, \u00d3scar<\/td>\n<td><strong>Presidente<\/strong>. Rector Magn\u00edfico de la UPM<\/td>\n<\/tr>\n<tr>\n<td>Chaparro Pel\u00e1ez, Jos\u00e9 Juli\u00e1n<\/td>\n<td>Vicerrector de Asuntos Econ\u00f3micos de la UPM<\/td>\n<\/tr>\n<tr>\n<td>G\u00e1mez Mej\u00edas, Berta Mar\u00eda<\/td>\n<td>Secretaria General de la UPM<\/td>\n<\/tr>\n<tr>\n<td>Lage Gonz\u00e1lez, Julio<\/td>\n<td>\u00a0Presidente del Consejo Social de la UPM<\/td>\n<\/tr>\n<tr>\n<td>Sierra Casta\u00f1er, Manuel<\/td>\n<td>Director E.T.S.I. Telecomunicaci\u00f3n de la UPM<\/td>\n<\/tr>\n<\/tbody>\n<\/table>\n<\/div>\n<\/div><div class=\"fusion-clearfix\"><\/div><\/div><\/div><\/div><\/div><div class=\"fusion-fullwidth fullwidth-box fusion-builder-row-2 hundred-percent-fullwidth non-hundred-percent-height-scrolling\" style=\"--awb-border-radius-top-left:0px;--awb-border-radius-top-right:0px;--awb-border-radius-bottom-right:0px;--awb-border-radius-bottom-left:0px;--awb-overflow:visible;--awb-flex-wrap:wrap;\" ><\/div><div class=\"fusion-builder-row fusion-row\"><\/div><div class=\"fusion-layout-column fusion_builder_column fusion-builder-column-1 fusion_builder_column_1_1 1_1 fusion-one-full fusion-column-first fusion-column-last\" style=\"--awb-bg-size:cover;width:100%;\"><div class=\"fusion-column-wrapper fusion-flex-column-wrapper-legacy\"><div class=\"fusion-clearfix\"><\/div><\/div><\/div><div class=\"fusion-text fusion-text-4\"><\/div><\/p>\n<p>&nbsp;<\/p>\n","protected":false},"excerpt":{"rendered":"<p>&nbsp;<\/p>\n","protected":false},"author":1,"featured_media":0,"parent":0,"menu_order":0,"comment_status":"open","ping_status":"open","template":"","meta":{"footnotes":""},"class_list":["post-11234","page","type-page","status-publish","hentry"],"_links":{"self":[{"href":"https:\/\/www.fgupm.es\/index.php?rest_route=\/wp\/v2\/pages\/11234","targetHints":{"allow":["GET"]}}],"collection":[{"href":"https:\/\/www.fgupm.es\/index.php?rest_route=\/wp\/v2\/pages"}],"about":[{"href":"https:\/\/www.fgupm.es\/index.php?rest_route=\/wp\/v2\/types\/page"}],"author":[{"embeddable":true,"href":"https:\/\/www.fgupm.es\/index.php?rest_route=\/wp\/v2\/users\/1"}],"replies":[{"embeddable":true,"href":"https:\/\/www.fgupm.es\/index.php?rest_route=%2Fwp%2Fv2%2Fcomments&post=11234"}],"version-history":[{"count":70,"href":"https:\/\/www.fgupm.es\/index.php?rest_route=\/wp\/v2\/pages\/11234\/revisions"}],"predecessor-version":[{"id":14240,"href":"https:\/\/www.fgupm.es\/index.php?rest_route=\/wp\/v2\/pages\/11234\/revisions\/14240"}],"wp:attachment":[{"href":"https:\/\/www.fgupm.es\/index.php?rest_route=%2Fwp%2Fv2%2Fmedia&parent=11234"}],"curies":[{"name":"wp","href":"https:\/\/api.w.org\/{rel}","templated":true}]}}

<p><div class="fusion-fullwidth fullwidth-box fusion-builder-row-1 hundred-percent-fullwidth non-hundred-percent-height-scrolling" style="--awb-border-radius-top-left:0px;--awb-border-radius-top-right:0px;--awb-border-radius-bottom-right:0px;--awb-border-radius-bottom-left:0px;--awb-overflow:visible;--awb-flex-wrap:wrap;" ><div class="fusion-builder-row fusion-row"><div class="fusion-layout-column fusion_builder_column fusion-builder-column-0 fusion_builder_column_1_1 1_1 fusion-one-full fusion-column-first fusion-column-last" style="--awb-bg-size:cover;"><div class="fusion-column-wrapper fusion-flex-column-wrapper-legacy"><div class="fusion-text fusion-text-1"><h2 class="p1">Presidencia de Honor</h2>
<p class="p2">Su Majestad la Reina de España Dña. Sofía de Grecia.</p>
<p class="p3"><span class="s1"><strong>Patronato</strong> </span>(a 12 de febrero de 2025)</p>
<h2>Patronos natos</h2>
<div class="table-1">
<table width="100%">
<tbody>
<tr>
<td>García Suárez, Óscar</td>
<td><strong>Presidente.</strong> Rector Magnífico de la UPM</td>
</tr>
<tr>
<td>Chaparro Peláez, José Julián</td>
<td>Vicerrector de Asuntos Económicos de la UPM</td>
</tr>
<tr>
<td>Gámez Mejías, Berta María</td>
<td>Secretaria General de la UPM</td>
</tr>
<tr>
<td>Alonso Rodrigo, Gustavo</td>
<td>Director de la ETSI Aeronáutica y del Espacio de la UPM</td>
</tr>
<tr>
<td>Arranz Justel, José Juan</td>
<td>Director de la ETSI Topografía, Geodesia y Cartografía de la UPM</td>
</tr>
<tr>
<td>Atienza Riera, José Miguel</td>
<td>Director ETSI Caminos, Canales y Puertos de la UPM</td>
</tr>
<tr>
<td>Blanco Lage Manuel</td>
<td>Director de la ETS de Arquitectura de la UPM</td>
</tr>
<tr>
<td>Carrillo Ramiro, Isabel</td>
<td>Vicerrectora de Estudiantes, Empleabilidad y Extensión Universitaria de la UPM</td>
</tr>
<tr>
<td>Cisneros Pérez, Guillermo</td>
<td>Anterior Rector de la UPM. Catedrático de la UPM</td>
</tr>
<tr>
<td>Cobo Escamilla, Alfonso</td>
<td>Director ETS Edificación de la UPM</td>
</tr>
<tr>
<td>Crucelaegui Corvinos, Antonio</td>
<td>Director de la ETSI Navales de la UPM</td>
</tr>
<tr>
<td>Elorza Tenreiro, Francisco Javier</td>
<td>Director de la ETSI Minas y Energía de la UPM</td>
</tr>
<tr>
<td>García Esteban, Luis</td>
<td>Director de la ETSI Montes, Forestal y del Medio Natural de la UPM</td>
</tr>
<tr>
<td>Garrido Colmenero, Alberto</td>
<td>Vicerrector de Estrategia Académica y Calidad de la UPM</td>
</tr>
<tr>
<td>Gómez Encinas, Vicente Felipe</td>
<td>Decano de la Facultad de Ciencias de la Actividad Física y del Deporte- INEF de la UPM</td>
</tr>
<tr>
<td>Gómez Fernández, Luis</td>
<td>Vicerrector de Investigación y Doctorado de la UPM</td>
</tr>
<tr>
<td>González Crespo, Amador Miguel</td>
<td>Director de la ETS de Ingeniería y Sistemas de Telecomunicación de la UPM</td>
</tr>
<tr>
<td>Más López, María Isabel</td>
<td>Vicerrectora de Infraestructuras y Sostenibilidad de la UPM</td>
</tr>
<tr>
<td>Palacios Alberti, José Manuel</td>
<td>Director de la ETSI Agronómica, Alimentaria y de Biosistemas de la UPM</td>
</tr>
<tr>
<td>Pescador del Oso, Fernando</td>
<td>Vicerrector para Universidad Digital de la UPM</td>
</tr>
<tr>
<td>Robles Forcada, Víctor</td>
<td>Gerente de la UPM</td>
</tr>
<tr>
<td>Ruiz Román, Jose Manuel</td>
<td>Vicerrector de Profesorado de la UPM</td>
</tr>
<tr>
<td>Salgado Álvarez de Sotomayor, Luis</td>
<td>Vicerrector de Internacionalización de la UPM</td>
</tr>
<tr>
<td>Sierra Castañer Manuel</td>
<td>Director de la ETSI Telecomunicación de la UPM</td>
</tr>
<tr>
<td>Soriano Camino, Francisco Javier</td>
<td>Director de la ETSI Informática de la UPM</td>
</tr>
<tr>
<td>Yagüe Panadero, Agustín</td>
<td>Director de la ETSI de Sistemas Informáticos de la UPM</td>
</tr>
<tr>
<td></td>
<td>Director de la ETSI y Diseño Industrial de la UPM</td>
</tr>
<tr>
<td></td>
<td>Director de la ETSI Industriales de la UPM</td>
</tr>
</tbody>
</table>
</div>
</div><div class="fusion-text fusion-text-2"><h2>Patronos Electivos</h2>
<div class="table-1">
<table width="100%">
<tbody>
<tr>
<td>Lage González, Julio</td>
<td>Presidente del Consejo Social de la UPM</td>
</tr>
<tr>
<td></td>
<td></td>
</tr>
</tbody>
</table>
</div>
</div><div class="fusion-text fusion-text-3"><h2 class="p2">Comisión Delegada</h2>
<p class="p2"><strong>(a 22 de junio de 2022)</strong></p>
<div class="table-1">
<table width="100%">
<tbody>
<tr>
<td>García Suárez, Óscar</td>
<td><strong>Presidente</strong>. Rector Magnífico de la UPM</td>
</tr>
<tr>
<td>Chaparro Peláez, José Julián</td>
<td>Vicerrector de Asuntos Económicos de la UPM</td>
</tr>
<tr>
<td>Gámez Mejías, Berta María</td>
<td>Secretaria General de la UPM</td>
</tr>
<tr>
<td>Lage González, Julio</td>
<td> Presidente del Consejo Social de la UPM</td>
</tr>
<tr>
<td>Sierra Castañer, Manuel</td>
<td>Director E.T.S.I. Telecomunicación de la UPM</td>
</tr>
</tbody>
</table>
</div>
</div><div class="fusion-clearfix"></div></div></div></div></div><div class="fusion-fullwidth fullwidth-box fusion-builder-row-2 hundred-percent-fullwidth non-hundred-percent-height-scrolling" style="--awb-border-radius-top-left:0px;--awb-border-radius-top-right:0px;--awb-border-radius-bottom-right:0px;--awb-border-radius-bottom-left:0px;--awb-overflow:visible;--awb-flex-wrap:wrap;" ></div><div class="fusion-builder-row fusion-row"></div><div class="fusion-layout-column fusion_builder_column fusion-builder-column-1 fusion_builder_column_1_1 1_1 fusion-one-full fusion-column-first fusion-column-last" style="--awb-bg-size:cover;width:100%;"><div class="fusion-column-wrapper fusion-flex-column-wrapper-legacy"><div class="fusion-clearfix"></div></div></div><div class="fusion-text fusion-text-4"></div></p>
<p>&nbsp;</p>
