{"id":11359,"date":"2015-06-10T11:27:27","date_gmt":"2015-06-10T11:27:27","guid":{"rendered":"https:\/\/www.fgupm.es\/?page_id=11359"},"modified":"2018-01-22T16:08:33","modified_gmt":"2018-01-22T16:08:33","slug":"parque-cientifico-y-tecnologico-de-la-upm","status":"publish","type":"page","link":"https:\/\/www.fgupm.es\/?page_id=11359","title":{"rendered":"Parque Cient\u00edfico y Tecnol\u00f3gico de la UPM"},"content":{"rendered":"<p><div class=\"fusion-fullwidth fullwidth-box fusion-builder-row-1 hundred-percent-fullwidth non-hundred-percent-height-scrolling\" style=\"--awb-border-radius-top-left:0px;--awb-border-radius-top-right:0px;--awb-border-radius-bottom-right:0px;--awb-border-radius-bottom-left:0px;--awb-overflow:visible;--awb-flex-wrap:wrap;\" ><\/div><div class=\"fusion-builder-row fusion-row\"><\/div><div class=\"fusion-layout-column fusion_builder_column fusion-builder-column-0 fusion_builder_column_1_1 1_1 fusion-one-full fusion-column-first fusion-column-last fusion-column-no-min-height\" style=\"--awb-bg-size:cover;--awb-margin-bottom:0px;width:100%;\"><div class=\"fusion-column-wrapper fusion-flex-column-wrapper-legacy\"><div class=\"fusion-clearfix\"><\/div><\/div><\/div><div class=\"fusion-text fusion-text-1\"><\/div>La FGUPM es la Entidad Promotora y Gestora del Parque Cient\u00edfico y Tecnol\u00f3gico de la UPM (PCT-UPM) desde el a\u00f1o 2005 y trabaja en estrecha colaboraci\u00f3n y bajo las directrices y supervisi\u00f3n de:<\/p>\n<ul>\n<li>Vicerrectorado de Investigaci\u00f3n, Innovaci\u00f3n y Doctorado.<\/li>\n<li>Vicerrectorado de Asuntos Econ\u00f3micos de la UPM<\/li>\n<li>Gerencia y Personal Docente Investigador<\/li>\n<\/ul>\n<p>Los trabajos inherentes a la condici\u00f3n de Entidad Promotora y Gestora comprenden todos los tr\u00e1mites jur\u00eddicos y administrativos de contrataci\u00f3n relativos a todo el procedimiento de gesti\u00f3n incluido el proceso de justificaci\u00f3n de las ayudas concedidas y la gesti\u00f3n econ\u00f3mica y contable.<\/p>\n<p>&nbsp;<\/p>\n","protected":false},"excerpt":{"rendered":"<p>La FGUPM es la Entidad Promotora y Gestora del Parque Cient\u00edfico y Tecnol\u00f3gico de la UPM (PCT-UPM) desde el a\u00f1o 2005 y trabaja en estrecha colaboraci\u00f3n y bajo las directrices y supervisi\u00f3n de: Vicerrectorado de Investigaci\u00f3n, Innovaci\u00f3n y Doctorado. Vicerrectorado de Asuntos Econ\u00f3micos de la UPM Gerencia y Personal Docente Investigador Los trabajos inherentes a  [&#8230;]<\/p>\n","protected":false},"author":1,"featured_media":0,"parent":0,"menu_order":0,"comment_status":"open","ping_status":"open","template":"","meta":{"footnotes":""},"class_list":["post-11359","page","type-page","status-publish","hentry"],"_links":{"self":[{"href":"https:\/\/www.fgupm.es\/index.php?rest_route=\/wp\/v2\/pages\/11359","targetHints":{"allow":["GET"]}}],"collection":[{"href":"https:\/\/www.fgupm.es\/index.php?rest_route=\/wp\/v2\/pages"}],"about":[{"href":"https:\/\/www.fgupm.es\/index.php?rest_route=\/wp\/v2\/types\/page"}],"author":[{"embeddable":true,"href":"https:\/\/www.fgupm.es\/index.php?rest_route=\/wp\/v2\/users\/1"}],"replies":[{"embeddable":true,"href":"https:\/\/www.fgupm.es\/index.php?rest_route=%2Fwp%2Fv2%2Fcomments&post=11359"}],"version-history":[{"count":5,"href":"https:\/\/www.fgupm.es\/index.php?rest_route=\/wp\/v2\/pages\/11359\/revisions"}],"predecessor-version":[{"id":12494,"href":"https:\/\/www.fgupm.es\/index.php?rest_route=\/wp\/v2\/pages\/11359\/revisions\/12494"}],"wp:attachment":[{"href":"https:\/\/www.fgupm.es\/index.php?rest_route=%2Fwp%2Fv2%2Fmedia&parent=11359"}],"curies":[{"name":"wp","href":"https:\/\/api.w.org\/{rel}","templated":true}]}}