{"id":11385,"date":"2015-06-11T09:48:36","date_gmt":"2015-06-11T09:48:36","guid":{"rendered":"https:\/\/www.fgupm.es\/?page_id=11385"},"modified":"2022-09-19T15:39:58","modified_gmt":"2022-09-19T15:39:58","slug":"encuesta-de-satisfaccion-a-directores","status":"publish","type":"page","link":"https:\/\/www.fgupm.es\/?page_id=11385","title":{"rendered":"Encuesta de Satisfacci\u00f3n a Directores"},"content":{"rendered":"<div class=\"fusion-fullwidth fullwidth-box fusion-builder-row-1 fusion-flex-container nonhundred-percent-fullwidth non-hundred-percent-height-scrolling\" style=\"--awb-border-radius-top-left:0px;--awb-border-radius-top-right:0px;--awb-border-radius-bottom-right:0px;--awb-border-radius-bottom-left:0px;--awb-flex-wrap:wrap;\" ><div class=\"fusion-builder-row fusion-row fusion-flex-align-items-flex-start fusion-flex-content-wrap\" style=\"max-width:1206.4px;margin-left: calc(-4% \/ 2 );margin-right: calc(-4% \/ 2 );\"><div class=\"fusion-layout-column fusion_builder_column fusion-builder-column-0 fusion_builder_column_1_1 1_1 fusion-flex-column\" style=\"--awb-bg-size:cover;--awb-width-large:100%;--awb-margin-top-large:0px;--awb-spacing-right-large:1.92%;--awb-margin-bottom-large:0px;--awb-spacing-left-large:1.92%;--awb-width-medium:100%;--awb-spacing-right-medium:1.92%;--awb-spacing-left-medium:1.92%;--awb-width-small:100%;--awb-spacing-right-small:1.92%;--awb-spacing-left-small:1.92%;\"><div class=\"fusion-column-wrapper fusion-flex-justify-content-flex-start fusion-content-layout-column\"><div class=\"fusion-text fusion-text-1\"><p><em>La Encuesta de Satisfacci\u00f3n es la mejor herramienta de la que dispone la Fundaci\u00f3n General para conocer, de forma an\u00f3nima, las opiniones y percepciones que sobre el servicio que le prestamos tienen nuestros clientes directores. Por ello, agradecemos a todos los que han invertido por haber dedicado parte de su valioso tiempo en responder a nuestras preguntas ya que hacen posible que cada d\u00eda podamos trabajar para ser un poco mejores.<\/em><\/p>\n<p>Anualmente, la Fundaci\u00f3n General de la UPM env\u00eda la encuesta de satisfacci\u00f3n a los directores de proyectos que han gestionado durante ese a\u00f1o con la Fundaci\u00f3n. El an\u00e1lisis de los resultados permite recoger la percepci\u00f3n que los directores de convenios, asistencias t\u00e9cnicas, masters y otros cursos tienen sobre el servicio que se les presta y nos brinda la oportunidad de introducir mejoras.<\/p>\n<p>Los resultados obtenidos de las encuestas de satisfacci\u00f3n se publican en la web de la FGUPM y se comunican por correo electr\u00f3nico a todos nuestros clientes directores de proyectos y a todo el personal de los Servicios Centrales de la Fundaci\u00f3n.<\/p>\n<h3>Datos de inter\u00e9s de la encuesta de satisfacci\u00f3n del ejercicio 2021<\/h3>\n<div class=\"fusion-table table-1\">\n<table width=\"100%\">\n<tbody>\n<tr>\n<td>Nivel de satisfacci\u00f3n medio obtenido en la encuesta (puntuaci\u00f3n m\u00e1xima 10)<\/td>\n<td style=\"text-align: center;\">9,03 puntos<\/td>\n<\/tr>\n<tr>\n<td>Objetivo de puntuaci\u00f3n m\u00ednima a obtener<\/td>\n<td style=\"text-align: center;\">7,5 puntos<\/td>\n<\/tr>\n<tr>\n<td>Poblaci\u00f3n (encuestas enviadas): Total de directores que han utilizado nuestros servicios en 2021<\/td>\n<td style=\"text-align: center;\">252 directores<\/td>\n<\/tr>\n<tr>\n<td>N\u00famero de encuestas contestadas<\/td>\n<td style=\"text-align: center;\">68<\/td>\n<\/tr>\n<tr>\n<td>% de respuesta<\/td>\n<td style=\"text-align: center;\">27%<\/td>\n<\/tr>\n<\/tbody>\n<\/table>\n<\/div>\n<h3>Objetivos Perseguidos<\/h3>\n<p>Los objetivos perseguidos por la Fundaci\u00f3n a trav\u00e9s del an\u00e1lisis de los resultados de las encuestas de satisfacci\u00f3n recibidas son los siguientes:<\/p>\n<ul>\n<li>Medir el grado de satisfacci\u00f3n de los directores con los servicios prestados y compararlos con los indicadores de medici\u00f3n internos para comprobar que las conclusiones de ambos datos est\u00e1n en l\u00ednea.<\/li>\n<li>Conocer las deficiencias de los servicios prestados y del funcionamiento general de la Fundaci\u00f3n, as\u00ed como las causas que las provocan.<\/li>\n<li>Conocer los puntos fuertes de los servicios prestados y del funcionamiento general de la Fundaci\u00f3n.<\/li>\n<li>Adoptar las medidas de mejora necesarias para incrementar el nivel de satisfacci\u00f3n de los directores, prestando especial atenci\u00f3n a aquellos aspectos cuya valoraci\u00f3n media no cumple el objetivo m\u00ednimo establecido por la Fundaci\u00f3n como satisfactorio, que qued\u00f3 fijado en 7,5 puntos.<\/li>\n<li>Conocer y solventar las quejas.<\/li>\n<li>Conocer las expectativas y necesidades de los directores.<\/li>\n<li>Adelantarnos al mercado incorporando en nuestros servicios las sugerencias propuestas.<\/li>\n<li>Realizar una retroalimentaci\u00f3n informativa hacia el personal de la Fundaci\u00f3n a fin de que conozcan la evaluaci\u00f3n de su actividad.<\/li>\n<li>Facilitar la libertad del director para dar respuestas m\u00e1s sinceras a determinadas cuestiones al ser la encuesta an\u00f3nima.<\/li>\n<\/ul>\n<h3>Resultados Obtenidos<\/h3>\n<div class=\"fusion-table table-1\">\n<table width=\"100%\">\n<thead>\n<tr>\n<th style=\"text-align: left;\">\u00a0Pregunta<\/th>\n<th style=\"text-align: center;\">2018<\/th>\n<th style=\"text-align: center;\">2019<\/th>\n<th style=\"text-align: center;\">2020<\/th>\n<th style=\"text-align: center;\">2021<\/th>\n<th style=\"text-align: center;\">Objetivo<\/th>\n<\/tr>\n<\/thead>\n<tbody>\n<tr>\n<td>Trato recibido<\/td>\n<td style=\"text-align: center;\">9,06<\/td>\n<td style=\"text-align: center;\">8,91<\/td>\n<td style=\"text-align: center;\">9,50<\/td>\n<td style=\"text-align: center;\">9,32<\/td>\n<td style=\"text-align: center;\">7,5<\/td>\n<\/tr>\n<tr>\n<td>Agilidad de respuesta<\/td>\n<td style=\"text-align: center;\">8,57<\/td>\n<td style=\"text-align: center;\">8,94<\/td>\n<td style=\"text-align: center;\">9,24<\/td>\n<td style=\"text-align: center;\">9,26<\/td>\n<td style=\"text-align: center;\">7,5<\/td>\n<\/tr>\n<tr>\n<td>Preparaci\u00f3n y profesionalidad<\/td>\n<td style=\"text-align: center;\">8,75<\/td>\n<td style=\"text-align: center;\">9,18<\/td>\n<td style=\"text-align: center;\">9,33<\/td>\n<td style=\"text-align: center;\">9,25<\/td>\n<td style=\"text-align: center;\">7,5<\/td>\n<\/tr>\n<tr>\n<td>Tiempo de espera<\/td>\n<td style=\"text-align: center;\">8,22<\/td>\n<td style=\"text-align: center;\">8,83<\/td>\n<td style=\"text-align: center;\">8,79<\/td>\n<td style=\"text-align: center;\">9,03<\/td>\n<td style=\"text-align: center;\">7,5<\/td>\n<\/tr>\n<tr>\n<td>Actitud de ayuda<\/td>\n<td style=\"text-align: center;\">9,04<\/td>\n<td style=\"text-align: center;\">9,00<\/td>\n<td style=\"text-align: center;\">9,28<\/td>\n<td style=\"text-align: center;\">9,26<\/td>\n<td style=\"text-align: center;\">7,5<\/td>\n<\/tr>\n<tr>\n<td>Plataforma de Gesti\u00f3n de Proyectos<\/td>\n<td style=\"text-align: center;\">7,78<\/td>\n<td style=\"text-align: center;\">8,16<\/td>\n<td style=\"text-align: center;\">8,00<\/td>\n<td style=\"text-align: center;\">7,89<\/td>\n<td style=\"text-align: center;\">7,5<\/td>\n<\/tr>\n<tr>\n<td>Tramitaci\u00f3n de Convenios, Contratos, Trabajos y Cursos<\/td>\n<td style=\"text-align: center;\">8,81<\/td>\n<td style=\"text-align: center;\">8,83<\/td>\n<td style=\"text-align: center;\">9,04<\/td>\n<td style=\"text-align: center;\">9,02<\/td>\n<td style=\"text-align: center;\">7,5<\/td>\n<\/tr>\n<tr>\n<td>Tramitaci\u00f3n de Cursos \/Masters<\/td>\n<td style=\"text-align: center;\">9,26<\/td>\n<td style=\"text-align: center;\">9,26<\/td>\n<td style=\"text-align: center;\">9,20<\/td>\n<td style=\"text-align: center;\">9,43<\/td>\n<td style=\"text-align: center;\">7,5<\/td>\n<\/tr>\n<tr>\n<td>Gesti\u00f3n de Becas<\/td>\n<td style=\"text-align: center;\">8,11<\/td>\n<td style=\"text-align: center;\">8,12<\/td>\n<td style=\"text-align: center;\">7,83<\/td>\n<td style=\"text-align: center;\">8,55<\/td>\n<td style=\"text-align: center;\">7,5<\/td>\n<\/tr>\n<tr>\n<td>Tramitaci\u00f3n de Autorizaciones<\/td>\n<td style=\"text-align: center;\">&#8211;<\/td>\n<td style=\"text-align: center;\">&#8211;<\/td>\n<td style=\"text-align: center;\">9,03<\/td>\n<td style=\"text-align: center;\">9,20<\/td>\n<td style=\"text-align: center;\">7,5<\/td>\n<\/tr>\n<tr>\n<td>Tramitaci\u00f3n de Pagos<\/td>\n<td style=\"text-align: center;\">8,54<\/td>\n<td style=\"text-align: center;\">8,72<\/td>\n<td style=\"text-align: center;\">9,11<\/td>\n<td style=\"text-align: center;\">9,12<\/td>\n<td style=\"text-align: center;\">7,5<\/td>\n<\/tr>\n<tr>\n<td>Gesti\u00f3n de Facturas<\/td>\n<td style=\"text-align: center;\">8,62<\/td>\n<td style=\"text-align: center;\">8,75<\/td>\n<td style=\"text-align: center;\">9,16<\/td>\n<td style=\"text-align: center;\">9,14<\/td>\n<td style=\"text-align: center;\">7,5<\/td>\n<\/tr>\n<tr>\n<td>Gesti\u00f3n de Cobros (contabilizaci\u00f3n)<\/td>\n<td style=\"text-align: center;\">8,44<\/td>\n<td style=\"text-align: center;\">8,65<\/td>\n<td style=\"text-align: center;\">9,15<\/td>\n<td style=\"text-align: center;\">9,07<\/td>\n<td style=\"text-align: center;\">7,5<\/td>\n<\/tr>\n<tr>\n<td>Servicio de Asesor\u00eda Jur\u00eddica<\/td>\n<td style=\"text-align: center;\">&#8211;<\/td>\n<td style=\"text-align: center;\">&#8211;<\/td>\n<td style=\"text-align: center;\">8,85<\/td>\n<td style=\"text-align: center;\">8,83<\/td>\n<td style=\"text-align: center;\">7,5<\/td>\n<\/tr>\n<tr>\n<td>Servicio de Personal (n\u00f3minas\/contratos)<\/td>\n<td style=\"text-align: center;\">&#8211;<\/td>\n<td style=\"text-align: center;\">&#8211;<\/td>\n<td style=\"text-align: center;\">9,07<\/td>\n<td style=\"text-align: center;\">9,05<\/td>\n<td style=\"text-align: center;\">7,5<\/td>\n<\/tr>\n<tr>\n<td>Atenci\u00f3n al Profesorado<\/td>\n<td style=\"text-align: center;\">&#8211;<\/td>\n<td style=\"text-align: center;\">&#8211;<\/td>\n<td style=\"text-align: center;\">9,53<\/td>\n<td style=\"text-align: center;\">9,17<\/td>\n<td style=\"text-align: center;\">7,5<\/td>\n<\/tr>\n<tr>\n<td>Otros servicios<\/td>\n<td style=\"text-align: center;\">8,22<\/td>\n<td style=\"text-align: center;\">8,63<\/td>\n<td style=\"text-align: center;\">&#8211;<\/td>\n<td style=\"text-align: center;\">&#8211;<\/td>\n<td style=\"text-align: center;\">7,5<\/td>\n<\/tr>\n<tr>\n<td>\u00bfHa observado mejoras en el servicio prestado?<\/td>\n<td style=\"text-align: center;\">7,91<\/td>\n<td style=\"text-align: center;\">8,33<\/td>\n<td style=\"text-align: center;\">&#8211;<\/td>\n<td style=\"text-align: center;\">&#8211;<\/td>\n<td style=\"text-align: center;\">7,5<\/td>\n<\/tr>\n<tr>\n<td>\u00bfSi lo ha necesitado, ha tenido acceso al Responsable de \u00c1rea?<\/td>\n<td style=\"text-align: center;\">9,23<\/td>\n<td style=\"text-align: center;\">9,30<\/td>\n<td style=\"text-align: center;\">&#8211;<\/td>\n<td style=\"text-align: center;\">&#8211;<\/td>\n<td style=\"text-align: center;\">7,5<\/td>\n<\/tr>\n<tr>\n<td>Si ha presentado alguna queja, valore su satisfacci\u00f3n con la soluci\u00f3n dada?<\/td>\n<td style=\"text-align: center;\">9,00<\/td>\n<td style=\"text-align: center;\">7,55<\/td>\n<td style=\"text-align: center;\">8,00<\/td>\n<td style=\"text-align: center;\">9,00<\/td>\n<td style=\"text-align: center;\">7,5<\/td>\n<\/tr>\n<tr>\n<td>En general, \u00bfCu\u00e1l es su grado de satisfacci\u00f3n con la FGUPM?<\/td>\n<td style=\"text-align: center;\">8,46<\/td>\n<td style=\"text-align: center;\">8,53<\/td>\n<td style=\"text-align: center;\">8,91<\/td>\n<td style=\"text-align: center;\">8,90<\/td>\n<td style=\"text-align: center;\">7,5<\/td>\n<\/tr>\n<tr>\n<td><strong>SATISFACCI\u00d3N MEDIA TOTAL<\/strong><\/td>\n<td style=\"text-align: center;\"><strong>8,59<\/strong><\/td>\n<td style=\"text-align: center;\"><strong>8,69<\/strong><\/td>\n<td style=\"text-align: center;\"><strong>8,95<\/strong><\/td>\n<td style=\"text-align: center;\"><strong>9,03<\/strong><\/td>\n<td style=\"text-align: center;\">7,5<\/td>\n<\/tr>\n<\/tbody>\n<\/table>\n<\/div>\n<h3>Valoraci\u00f3n Plataforma Gesti\u00f3n Proyectos<\/h3>\n<div class=\"fusion-table table-1\">\n<table width=\"100%\">\n<thead>\n<tr>\n<th><\/th>\n<th style=\"text-align: center;\">2018<\/th>\n<th style=\"text-align: center;\">2019<\/th>\n<th style=\"text-align: center;\">2020<\/th>\n<th style=\"text-align: center;\">2021<\/th>\n<th style=\"text-align: center;\">Objetivo<\/th>\n<\/tr>\n<\/thead>\n<tbody>\n<tr>\n<td>Utilizaci\u00f3n f\u00e1cil y sencilla<\/td>\n<td style=\"text-align: center;\">7,63<\/td>\n<td style=\"text-align: center;\">7,69<\/td>\n<td style=\"text-align: center;\">7,65<\/td>\n<td style=\"text-align: center;\">7,28<\/td>\n<td style=\"text-align: center;\">\u00a07,5<\/td>\n<\/tr>\n<tr>\n<td>\u00a0Rapidez en la aplicaci\u00f3n<\/td>\n<td style=\"text-align: center;\">7,47<\/td>\n<td style=\"text-align: center;\">7,94<\/td>\n<td style=\"text-align: center;\">7,88<\/td>\n<td style=\"text-align: center;\">7,59<\/td>\n<td style=\"text-align: center;\">\u00a07,5<\/td>\n<\/tr>\n<tr>\n<td>\u00a0Seguridad en el manejo<\/td>\n<td style=\"text-align: center;\">8,07<\/td>\n<td style=\"text-align: center;\">8,57<\/td>\n<td style=\"text-align: center;\">8,27<\/td>\n<td style=\"text-align: center;\">8,22<\/td>\n<td style=\"text-align: center;\">\u00a07,5<\/td>\n<\/tr>\n<tr>\n<td>\u00a0Los problemas t\u00e9cnicos se solucionan en menos de 24 horas<\/td>\n<td style=\"text-align: center;\">7,38<\/td>\n<td style=\"text-align: center;\">8,16<\/td>\n<td style=\"text-align: center;\">8,12<\/td>\n<td style=\"text-align: center;\">8,11<\/td>\n<td style=\"text-align: center;\">7,5<\/td>\n<\/tr>\n<tr>\n<td>La informaci\u00f3n sobre sus expedientes es completa<\/td>\n<td style=\"text-align: center;\">8,18<\/td>\n<td style=\"text-align: center;\">8,44<\/td>\n<td style=\"text-align: center;\">8,20<\/td>\n<td style=\"text-align: center;\">7,69<\/td>\n<td style=\"text-align: center;\">\u00a07,5<\/td>\n<\/tr>\n<tr>\n<td>Facilidad de acceso, visualizaci\u00f3n e informaci\u00f3n sobre el estado de sus \u00f3rdenes de pago adecuada<\/td>\n<td style=\"text-align: center;\">7,93<\/td>\n<td style=\"text-align: center;\">8,19<\/td>\n<td style=\"text-align: center;\">7,90<\/td>\n<td style=\"text-align: center;\">8,44<\/td>\n<td style=\"text-align: center;\">\u00a07,5<\/td>\n<\/tr>\n<tr>\n<td><strong>SATISFACCI\u00d3N MEDIA DEL SERVICIO<\/strong><\/td>\n<td style=\"text-align: center;\"><strong>7,78<\/strong><\/td>\n<td style=\"text-align: center;\"><strong>8,16<\/strong><\/td>\n<td style=\"text-align: center;\"><strong>8,00<\/strong><\/td>\n<td style=\"text-align: center;\"><strong>7,89<\/strong><\/td>\n<td style=\"text-align: center;\">\u00a0<strong>7,5<\/strong><\/td>\n<\/tr>\n<\/tbody>\n<\/table>\n<\/div>\n<h3>Valoraci\u00f3n de los Servicios clave<\/h3>\n<div class=\"fusion-table table-1\">\n<table width=\"100%\">\n<thead>\n<tr>\n<th><\/th>\n<th style=\"text-align: center;\">Tramitaci\u00f3n de convenios<\/th>\n<th style=\"text-align: center;\">Gesti\u00f3n de cursos y master<\/th>\n<th style=\"text-align: center;\">Gesti\u00f3n de becas<\/th>\n<th style=\"text-align: center;\">Tramitaci\u00f3n de Autorizaciones<\/th>\n<th style=\"text-align: center;\">Tramitaci\u00f3n de Pagos<\/th>\n<th style=\"text-align: center;\">Gesti\u00f3n de Facturas<\/th>\n<th style=\"text-align: center;\">Gesti\u00f3n de cobros<\/th>\n<th style=\"text-align: center;\">Servicio de Asesor\u00eda Jur\u00eddica<\/th>\n<th style=\"text-align: center;\">Servicio de Personal (N\u00f3minas\/ Contratos)<\/th>\n<th style=\"text-align: center;\">Atenci\u00f3n al Profesorado<\/th>\n<th style=\"text-align: center;\">Promedio<\/th>\n<\/tr>\n<\/thead>\n<tbody>\n<tr>\n<td>Disponibilidad del personal<\/td>\n<td style=\"text-align: center;\">9,16<\/td>\n<td style=\"text-align: center;\">9,45<\/td>\n<td style=\"text-align: center;\">8,57<\/td>\n<td style=\"text-align: center;\">9,27<\/td>\n<td style=\"text-align: center;\">9,14<\/td>\n<td style=\"text-align: center;\">9,18<\/td>\n<td style=\"text-align: center;\">9,15<\/td>\n<td style=\"text-align: center;\">8,76<\/td>\n<td style=\"text-align: center;\">9,05<\/td>\n<td style=\"text-align: center;\">9,23<\/td>\n<td style=\"text-align: center;\">\u00a0<strong>9,09<\/strong><\/td>\n<\/tr>\n<tr>\n<td>Calidad del servicio prestado<\/td>\n<td style=\"text-align: center;\">9,07<\/td>\n<td style=\"text-align: center;\">9,45<\/td>\n<td style=\"text-align: center;\">8,61<\/td>\n<td style=\"text-align: center;\">9,18<\/td>\n<td style=\"text-align: center;\">9,13<\/td>\n<td style=\"text-align: center;\">9,15<\/td>\n<td style=\"text-align: center;\">9,06<\/td>\n<td style=\"text-align: center;\">8,76<\/td>\n<td style=\"text-align: center;\">9,28<\/td>\n<td style=\"text-align: center;\">9,16<\/td>\n<td style=\"text-align: center;\"><strong>\u00a08,99<\/strong><\/td>\n<\/tr>\n<tr>\n<td>\u00a0Servicio adecuado a sus necesidades<\/td>\n<td style=\"text-align: center;\">8,97<\/td>\n<td style=\"text-align: center;\">9,30<\/td>\n<td style=\"text-align: center;\">8,15<\/td>\n<td style=\"text-align: center;\">9,09<\/td>\n<td style=\"text-align: center;\">9,04<\/td>\n<td style=\"text-align: center;\">9,04<\/td>\n<td style=\"text-align: center;\">9,06<\/td>\n<td style=\"text-align: center;\">9,06<\/td>\n<td style=\"text-align: center;\">9,05<\/td>\n<td style=\"text-align: center;\">9,18<\/td>\n<td style=\"text-align: center;\"><strong>\u00a09,13<\/strong><\/td>\n<\/tr>\n<tr>\n<td>Resoluci\u00f3n de incidencias<\/td>\n<td style=\"text-align: center;\">8,97<\/td>\n<td style=\"text-align: center;\">9,50<\/td>\n<td style=\"text-align: center;\">8,93<\/td>\n<td style=\"text-align: center;\">9,28<\/td>\n<td style=\"text-align: center;\">9,25<\/td>\n<td style=\"text-align: center;\">9,24<\/td>\n<td style=\"text-align: center;\">9,16<\/td>\n<td style=\"text-align: center;\">8,77<\/td>\n<td style=\"text-align: center;\">9,02<\/td>\n<td style=\"text-align: center;\">9,18<\/td>\n<td style=\"text-align: center;\"><strong>8,99<\/strong><\/td>\n<\/tr>\n<tr>\n<td>Plazo de ejecuci\u00f3n del servicio adecuados<\/td>\n<td style=\"text-align: center;\">8,90<\/td>\n<td style=\"text-align: center;\">9,45<\/td>\n<td style=\"text-align: center;\">8,48<\/td>\n<td style=\"text-align: center;\">9,19<\/td>\n<td style=\"text-align: center;\">9,05<\/td>\n<td style=\"text-align: center;\">9,09<\/td>\n<td style=\"text-align: center;\">8,94<\/td>\n<td style=\"text-align: center;\">8,80<\/td>\n<td style=\"text-align: center;\">8,85<\/td>\n<td style=\"text-align: center;\">9,11<\/td>\n<td style=\"text-align: center;\"><strong>\u00a09,06<\/strong><\/td>\n<\/tr>\n<tr>\n<td><strong>SATISFACCI\u00d3N MEDIA DEL SERVICIO<\/strong><\/td>\n<td style=\"text-align: center;\"><strong>9,02<\/strong><\/td>\n<td style=\"text-align: center;\"><strong>9,43<\/strong><\/td>\n<td style=\"text-align: center;\"><strong>8,55<\/strong><\/td>\n<td style=\"text-align: center;\"><strong>9,20<\/strong><\/td>\n<td style=\"text-align: center;\"><strong>9,12<\/strong><\/td>\n<td style=\"text-align: center;\"><strong>9,14<\/strong><\/td>\n<td style=\"text-align: center;\"><strong>9,07<\/strong><\/td>\n<td style=\"text-align: center;\"><strong>8,83<\/strong><\/td>\n<td style=\"text-align: center;\"><strong>9,05<\/strong><\/td>\n<td style=\"text-align: center;\"><strong>9,17<\/strong><\/td>\n<td style=\"text-align: center;\">\u00a0<strong>9,05<\/strong><\/td>\n<\/tr>\n<\/tbody>\n<\/table>\n<\/div>\n<h3 style=\"text-align: center;\"><\/h3>\n<\/div><div class=\"fusion-text fusion-text-2\"><h3><\/h3>\n<\/div><div class=\"fusion-text fusion-text-3\"><h3>Conclusiones a tener en cuenta<\/h3>\n<ul>\n<li>Solo el 34% de los directores que han contestado a la encuesta conoce que la FGUPM tiene un buz\u00f3n de quejas y sugerencias y que por tanto existe el compromiso de dar una respuesta r\u00e1pida a todas las quejas y sugerencias que se realicen formalmente.<\/li>\n<li>El 88% de los directores recomendar\u00eda nuestros servicios, el 11% probablemente tambi\u00e9n lo har\u00eda y s\u00f3lo el 1% no lo recomendar\u00eda.<\/li>\n<li>El 30% de los directores lleva 9 a\u00f1os o m\u00e1s gestionando proyectos con la FGUPM, 61% entre 2 y 8 a\u00f1os y el 6% entre 0 y 1 a\u00f1o.<\/li>\n<li>El 77% de los directores gestiona m\u00e1s de 1 proyecto en la FGUPM.<\/li>\n<li>El 64% de los directores gestiona proyectos tambi\u00e9n con la UPM.<\/li>\n<\/ul>\n<h3>An\u00e1lisis de los Resultados<\/h3>\n<p>Los resultados de las encuestas se analizan en el Comit\u00e9 de Calidad. Todas las preguntas abiertas son estudiadas en detalle y se toman las medidas oportunas con el fin de identificar aspectos positivos y,\u00a0las opiniones, quejas y sugerencias, que permitan tomar decisiones para orientar y mejorar los diferentes procesos involucrados en la prestaci\u00f3n de un servicio de calidad. tendente a lograr altos niveles de satisfacci\u00f3n de nuestros directores.<\/p>\n<h3 style=\"text-align: center;\"><\/h3>\n<\/div><\/div><\/div><\/div><\/div>\n","protected":false},"excerpt":{"rendered":"","protected":false},"author":1,"featured_media":0,"parent":0,"menu_order":0,"comment_status":"open","ping_status":"open","template":"","meta":{"footnotes":""},"class_list":["post-11385","page","type-page","status-publish","hentry"],"_links":{"self":[{"href":"https:\/\/www.fgupm.es\/index.php?rest_route=\/wp\/v2\/pages\/11385","targetHints":{"allow":["GET"]}}],"collection":[{"href":"https:\/\/www.fgupm.es\/index.php?rest_route=\/wp\/v2\/pages"}],"about":[{"href":"https:\/\/www.fgupm.es\/index.php?rest_route=\/wp\/v2\/types\/page"}],"author":[{"embeddable":true,"href":"https:\/\/www.fgupm.es\/index.php?rest_route=\/wp\/v2\/users\/1"}],"replies":[{"embeddable":true,"href":"https:\/\/www.fgupm.es\/index.php?rest_route=%2Fwp%2Fv2%2Fcomments&post=11385"}],"version-history":[{"count":59,"href":"https:\/\/www.fgupm.es\/index.php?rest_route=\/wp\/v2\/pages\/11385\/revisions"}],"predecessor-version":[{"id":13826,"href":"https:\/\/www.fgupm.es\/index.php?rest_route=\/wp\/v2\/pages\/11385\/revisions\/13826"}],"wp:attachment":[{"href":"https:\/\/www.fgupm.es\/index.php?rest_route=%2Fwp%2Fv2%2Fmedia&parent=11385"}],"curies":[{"name":"wp","href":"https:\/\/api.w.org\/{rel}","templated":true}]}}