{"id":11593,"date":"2015-11-27T09:31:17","date_gmt":"2015-11-27T09:31:17","guid":{"rendered":"https:\/\/www.fgupm.es\/?page_id=11593"},"modified":"2021-06-24T11:05:40","modified_gmt":"2021-06-24T11:05:40","slug":"aviso-legal-y-politica-de-privacidad","status":"publish","type":"page","link":"https:\/\/www.fgupm.es\/?page_id=11593","title":{"rendered":"Aviso Legal y pol\u00edtica de privacidad"},"content":{"rendered":"<div id=\"pAvisoLegal\">\n<div class=\"PanelEmergente FondoOscuro\">\n<div class=\"PanelEmergenteInt\">\n<p><strong>I. POL\u00cdTICA DE PRIVACIDAD<\/strong><\/p>\n<p class=\"p1\">En cumplimiento del REGLAMENTO (UE) 2016\/679 DEL PARLAMENTO EUROPEO Y DEL CONSEJO de 27 de Abril de 2016, relativo a la protecci\u00f3n de las personas f\u00edsicas en lo que respecta al tratamiento de datos personales y a la libre circulaci\u00f3n de estos datos y a Ley Org\u00e1nica 3\/2018, de 5 de diciembre, de Protecci\u00f3n de Datos Personales y garant\u00eda de los derechos digitales, se le informa que los datos personales proporcionados por usted a trav\u00e9s del sitio web fgupm.es (en adelante el sitio web), ser\u00e1n tratados en los siguientes t\u00e9rminos:<\/p>\n<p>&nbsp;<\/p>\n<p><strong>Responsable del tratamiento<\/strong><\/p>\n<p>Los datos personales recabados a trav\u00e9s de este sitio web ser\u00e1n tratados por FUNDACION GENERAL DE LA UNIVERSIDAD POLITECNICA DE MADRID, con domicilio para el ejercicio de derechos en CALLE DEL PASTOR, 3 &#8211; 28003 MADRID (Madrid). Email: info@fgupm.es.<\/p>\n<p><strong>Finalidades del tratamiento<\/strong><\/p>\n<p style=\"padding-left: 40px;\">\u2022 Informarle acerca de nuestros productos y servicios, cuando as\u00ed lo solicite a trav\u00e9s de los formularios del sitio web o por correo electr\u00f3nico.<br \/>\n\u2022 Dar contestaci\u00f3n y gestionar sus consultas, comentarios y sugerencias, en su caso.<br \/>\n\u2022 Gestionar su pedido, en caso de que realice alg\u00fan pedido a trav\u00e9s del sitio web.<br \/>\n\u2022 Con la finalidad de obtener informaci\u00f3n del uso del sitio web, se analizan el n\u00famero de p\u00e1ginas visitadas, el n\u00famero de visitas, as\u00ed como la actividad de los visitantes y su frecuencia de utilizaci\u00f3n. A estos efectos, el RESPONSABLE utiliza informaci\u00f3n estad\u00edstica elaborada por el Proveedor de Servicios de Internet que no permite identificar al interesado en ning\u00fan momento.<\/p>\n<p>&nbsp;<\/p>\n<p><strong>Legitimaci\u00f3n<\/strong><\/p>\n<p><u>Consentimiento<\/u>. Los datos personales obtenidos a trav\u00e9s de los formularios del sitio web ser\u00e1n tratados \u00fanicamente en base al consentimiento otorgado por el interesado, a trav\u00e9s de la aceptaci\u00f3n de la casilla dispuesta para tal fin. Este consentimiento puede ser retirado en cualquier momento.<\/p>\n<p><u>Inter\u00e9s leg\u00edtimo del responsable<\/u>. La informaci\u00f3n estad\u00edstica obtenida del sitio web ser\u00e1 tratada en base al inter\u00e9s leg\u00edtimo del responsable. Esta informaci\u00f3n no permite identificar al usuario.<\/p>\n<p><u>Ejecuci\u00f3n de un contrato<\/u>. El tratamiento realizado para la gesti\u00f3n de los pedidos solicitados a trav\u00e9s de la tienda online est\u00e1 basado en la ejecuci\u00f3n de un contrato en el que el interesado es parte o para la aplicaci\u00f3n a petici\u00f3n de este de medidas precontractuales.<\/p>\n<p>&nbsp;<\/p>\n<p><strong>Destinatarios<\/strong><\/p>\n<p>Los datos personales obtenidos a trav\u00e9s del sitio web podr\u00e1n ser comunicados a la entidad financiera correspondiente cuando sea necesario para gestionar el pago de los pedidos realizados, as\u00ed como a la Universidad Polit\u00e9cnica de Madrid para la gesti\u00f3n de los cr\u00e9ditos, en su caso, as\u00ed como la emisi\u00f3n del certificado correspondiente.<\/p>\n<p>&nbsp;<\/p>\n<p><strong>Conservaci\u00f3n<\/strong><\/p>\n<p>Los datos personales facilitados por el usuario para recibir comunicaciones comerciales, ser\u00e1n conservados mientras el interesado no solicite su supresi\u00f3n o retire su consentimiento.<\/p>\n<p>Cuando el usuario env\u00ede sus datos personales para participar en procesos de selecci\u00f3n del RESPONSABLE, los datos ser\u00e1n tratados para participar en presentes procesos de selecci\u00f3n, y si no fuera seleccionado, se conservar\u00e1n sus datos personales durante un periodo de dos a\u00f1os con el fin de poder contar con su participaci\u00f3n en futuros procesos.<\/p>\n<p>Cuando el usuario env\u00ede sus datos para contactar con el RESPONSABLE, realizar consultas o sugerencias, los datos se conservar\u00e1n mientras sea necesario para tal fin y puedan derivarse responsabilidades del tratamiento.<\/p>\n<p>Datos de tr\u00e1fico, estad\u00edsticos y visitas web: los datos ser\u00e1n conservados durante el plazo de tres a\u00f1os.<\/p>\n<p>&nbsp;<\/p>\n<p><strong>Derechos<\/strong><\/p>\n<p>Puede ejercer sus derechos de acceso, rectificaci\u00f3n, supresi\u00f3n y portabilidad de sus datos, de limitaci\u00f3n y oposici\u00f3n a su tratamiento, mediante escrito acompa\u00f1ado de documento oficial que le identifique dirigido a CALLE DEL PASTOR, 3 &#8211; 28003 MADRID (Madrid). Email: info@fgupm.es. En caso de disconformidad con el tratamiento, tambi\u00e9n tiene derecho a presentar una reclamaci\u00f3n ante la Agencia Espa\u00f1ola de Protecci\u00f3n de Datos (<a href=\"http:\/\/www.aepd.es\">www.aepd.es<\/a>).<\/p>\n<\/div>\n<\/div>\n<\/div>\n<p>&nbsp;<\/p>\n<p><strong>Pol\u00edtica de protecci\u00f3n de menores<\/strong><\/p>\n<p>Quien facilita los datos a trav\u00e9s de los formularios de esta Web y acepta su tratamiento declara formalmente ser mayor de 14 a\u00f1os.<\/p>\n<p>Queda prohibido el acceso y uso del portal a los menores de 14 a\u00f1os de edad.<\/p>\n<p>El RESPONSABLE recuerda a las personas mayores de edad que tengan a su cargo menores, que ser\u00e1 de su exclusiva responsabilidad si alg\u00fan menor incorpora sus datos para solicitar alg\u00fan producto.<\/p>\n<p>Tambi\u00e9n les informa que existen programas inform\u00e1ticos para acotar la navegaci\u00f3n mediante el filtro o bloqueo a determinados contenidos.<\/p>\n<h3>II. AVISO LEGAL<\/h3>\n<div id=\"pAvisoLegal\">\n<div class=\"PanelEmergente FondoOscuro\">\n<div class=\"PanelEmergenteInt\">\n<p><strong>Objeto Social<\/strong>. La FUNDACION GENERAL DE LA UNIVERSIDAD POLITECNICA DE MADRID, es una entidad con personalidad jur\u00eddica propia y plena capacidad para obrar, creada en el a\u00f1o 1981 por voluntad expresa de la Junta de Gobierno de la Universidad Polit\u00e9cnica de Madrid como entidad sin \u00e1nimo de lucro dedicada, primordialmente, a la promoci\u00f3n de la educaci\u00f3n y a la investigaci\u00f3n cient\u00edfica y t\u00e9cnica, siendo una instituci\u00f3n ben\u00e9fica docente a todos los efectos legales.<\/p>\n<p><strong>Identificaci\u00f3n<\/strong><\/p>\n<p>En cumplimiento con el deber de informaci\u00f3n recogido en art\u00edculo 10 de la Ley 34\/2002, de 11 de julio, de Servicios de la Sociedad de la Informaci\u00f3n y del Comercio Electr\u00f3nico, FUNDACION GENERAL DE LA UNIVERSIDAD POLITECNICA DE MADRID (FUNDACION GENERAL DE LA UNIVERSIDAD POLITECNICA DE MADRID), le informa que los datos aqu\u00ed consignados corresponden a la entidad titular del sitio web fgupm.es.<\/p>\n<p><strong>Denominaci\u00f3n<\/strong>: FUNDACION GENERAL DE LA UNIVERSIDAD POLITECNICA DE MADRID<\/p>\n<p><strong>Domicilio<\/strong>: CALLE DEL PASTOR 3 , 28003 MADRID (MADRID)<\/p>\n<p><strong>Tel\u00e9fono<\/strong>: 915339978<\/p>\n<p><strong>Email<\/strong>: info@fgupm.es<\/p>\n<p><strong>CIF<\/strong>: G28826055<\/p>\n<p><strong>Inscripci\u00f3n registral<\/strong>: Inscrita en el Registro de Fundaciones, M\u00ba Educ. y Ciencia MAD 1-1-2-3296<\/p>\n<p>&nbsp;<\/p>\n<p><strong>Propiedad intelectual e industrial<\/strong><\/p>\n<p>Todos los derechos de Propiedad Industrial e Intelectual de la totalidad de elementos contenidos en este sitio web, incluidas las marcas comerciales, formatos, dise\u00f1os gr\u00e1ficos, textos, im\u00e1genes y documentos, pertenecen a FUNDACION GENERAL DE LA UNIVERSIDAD POLITECNICA DE MADRID y se encuentran protegidos por las leyes espa\u00f1olas e internacionales sobre propiedad Intelectual e Industrial. Queda expresamente prohibida la reproducci\u00f3n total o parcial de este sitio Web y de cualquiera de sus contenidos sin el permiso expreso y por escrito de FUNDACION GENERAL DE LA UNIVERSIDAD POLITECNICA DE MADRID.<\/p>\n<p>El acceso al sitio web no implica ning\u00fan tipo de renuncia, transmisi\u00f3n, licencia o cesi\u00f3n de dichos derechos por parte de FUNDACION GENERAL DE LA UNIVERSIDAD POLITECNICA DE MADRID, salvo que se establezca expresamente lo contrario.<\/p>\n<p>&nbsp;<\/p>\n<p><strong>Condiciones de uso<\/strong><\/p>\n<p>El acceso a este sitio Web implica la aceptaci\u00f3n de estas condiciones de uso sin reservas que regulan el acceso y la utilizaci\u00f3n del mismo con el fin de poner a disposici\u00f3n de los usuarios informaci\u00f3n sobre nuestros productos.<\/p>\n<p>Se proh\u00edbe expresamente la utilizaci\u00f3n de los contenidos de este sitio Web para su utilizaci\u00f3n con fines comerciales o para su distribuci\u00f3n, transformaci\u00f3n o comunicaci\u00f3n.<\/p>\n<p>FUNDACION GENERAL DE LA UNIVERSIDAD POLITECNICA DE MADRID, no responder\u00e1 de ninguna consecuencia, da\u00f1o o perjuicio que pudieran derivarse de dicha utilizaci\u00f3n o uso de la informaci\u00f3n.<\/p>\n<p>Tanto el acceso a esta Web como el uso que pueda hacerse de la informaci\u00f3n contenida en la misma es de la exclusiva responsabilidad de quien lo realiza.<\/p>\n<p>El usuario se obliga a no utilizar la informaci\u00f3n que se publica en esta Web con fines o efectos il\u00edcitos o lesivos, a no da\u00f1ar o inutilizar la informaci\u00f3n y a no realizar cualquier otra acci\u00f3n que puedan ser contraria al contenido de este Aviso Legal.<\/p>\n<p>FUNDACION GENERAL DE LA UNIVERSIDAD POLITECNICA DE MADRID no puede asegurar la inexistencia de interrupciones o errores en el acceso a este sitio Web, aunque pondr\u00e1 sus mayores esfuerzos para evitarlos.<\/p>\n<\/div>\n<\/div>\n<\/div>\n<p><strong>Enlaces a otras webs<\/strong><\/p>\n<p>Los enlaces (links) que puede encontrar en esta Web son un servicio a los usuarios. Estas p\u00e1ginas no son operadas ni controladas por FUNDACION GENERAL DE LA UNIVERSIDAD POLITECNICA DE MADRID, por ello, no se hace responsable de los contenidos de esos sitios Web ni est\u00e1n cubiertas por el presente Aviso Legal. Si accede a estas p\u00e1ginas Webs deber\u00e1 tener en cuenta que sus pol\u00edticas de privacidad pueden ser diferentes a la nuestra.<\/p>\n<p><strong>Legislaci\u00f3n aplicable y competencia jurisdiccional<\/strong><\/p>\n<p>El presente Aviso Legal se rige por la normativa espa\u00f1ola vigente que le es de aplicaci\u00f3n.<\/p>\n<p>Para la resoluci\u00f3n de las controversias que pudieran derivarse como consecuencia de lo dispuesto en las presentes disposiciones y sobre su interpretaci\u00f3n, aplicaci\u00f3n y cumplimiento, el usuario, en virtud de la aceptaci\u00f3n de las condiciones recogidas en este Aviso legal, renuncia expresamente a cualquier otro fuero que pudiera corresponderle.<\/p>\n<p>En cualquier caso, dentro de la jurisdicci\u00f3n espa\u00f1ola, si la legislaci\u00f3n permitiese someterse a un fuero en concreto, el usuario renuncia expresamente al fuero que pudiera corresponderle y se somete voluntariamente a la jurisdicci\u00f3n de los Juzgados y Tribunales de MADRID.<\/p>\n<p>&nbsp;<\/p>\n","protected":false},"excerpt":{"rendered":"<p>I. POL\u00cdTICA DE PRIVACIDAD En cumplimiento del REGLAMENTO (UE) 2016\/679 DEL PARLAMENTO EUROPEO Y DEL CONSEJO de 27 de Abril de 2016, relativo a la protecci\u00f3n de las personas f\u00edsicas en lo que respecta al tratamiento de datos personales y a la libre circulaci\u00f3n de estos datos y a Ley Org\u00e1nica 3\/2018, de 5 de  [&#8230;]<\/p>\n","protected":false},"author":1,"featured_media":0,"parent":0,"menu_order":0,"comment_status":"closed","ping_status":"closed","template":"","meta":{"footnotes":""},"class_list":["post-11593","page","type-page","status-publish","hentry"],"_links":{"self":[{"href":"https:\/\/www.fgupm.es\/index.php?rest_route=\/wp\/v2\/pages\/11593","targetHints":{"allow":["GET"]}}],"collection":[{"href":"https:\/\/www.fgupm.es\/index.php?rest_route=\/wp\/v2\/pages"}],"about":[{"href":"https:\/\/www.fgupm.es\/index.php?rest_route=\/wp\/v2\/types\/page"}],"author":[{"embeddable":true,"href":"https:\/\/www.fgupm.es\/index.php?rest_route=\/wp\/v2\/users\/1"}],"replies":[{"embeddable":true,"href":"https:\/\/www.fgupm.es\/index.php?rest_route=%2Fwp%2Fv2%2Fcomments&post=11593"}],"version-history":[{"count":10,"href":"https:\/\/www.fgupm.es\/index.php?rest_route=\/wp\/v2\/pages\/11593\/revisions"}],"predecessor-version":[{"id":13563,"href":"https:\/\/www.fgupm.es\/index.php?rest_route=\/wp\/v2\/pages\/11593\/revisions\/13563"}],"wp:attachment":[{"href":"https:\/\/www.fgupm.es\/index.php?rest_route=%2Fwp%2Fv2%2Fmedia&parent=11593"}],"curies":[{"name":"wp","href":"https:\/\/api.w.org\/{rel}","templated":true}]}}