{"id":11842,"date":"2016-04-21T15:11:53","date_gmt":"2016-04-21T15:11:53","guid":{"rendered":"https:\/\/www.fgupm.es\/?page_id=11842"},"modified":"2016-04-22T06:37:53","modified_gmt":"2016-04-22T06:37:53","slug":"laboratorio-oficial-madariaga-lom","status":"publish","type":"page","link":"https:\/\/www.fgupm.es\/?page_id=11842","title":{"rendered":"Laboratorio Oficial Madariaga (LOM)"},"content":{"rendered":"<p>La Fundaci\u00f3n General de la UPM, a trav\u00e9s de una encomienda de la UPM, desarrolla la gesti\u00f3n econ\u00f3mico\/administrativa de las actividades desarrolladas por el Laboratorio Oficial Madariaga. Dicha gesti\u00f3n\u00a0se desarrolla al amparo del art\u00edculo 83 de la LOU.<\/p>\n<p>El LOM es un Centro de la Universidad Polit\u00e9cnica de Madrid amparado en los art\u00edculos 3.2 G y 7 de la Ley Org\u00e1nica 11\/1983 de 25 de agosto, de Reforma Universitaria (LRU) y en los art\u00edculos 32 y 35 de los Estatutos de dicha Universidad aprobados por Real Decreto 2536 \/1985, de 27 de diciembre.<\/p>\n<p>Las principales actividades que realiza el LOM son:<\/p>\n<ul>\n<li><em>ensayo y calibraci\u00f3n (en ISO\/IEC 17025)<\/em>: equipos y productos para miner\u00eda; material el\u00e9ctrico para atm\u00f3sferas explosivas; material pirot\u00e9cnico; ensayos a tracci\u00f3n de elementos mec\u00e1nicos; cajas fuertes y armarios para custodia de armas; detonabilidad de fertilizantes; ensayos y calibraci\u00f3n de equipos detectores de gas; caracterizaci\u00f3n de polvos combustibles; surtidores de combustible.<\/li>\n<li><em>inspecci\u00f3n y certificaci\u00f3n (en ISO\/IEC 17020):<\/em> equipos, productos, materiales e instalaciones para miner\u00eda; maquinaria para trabajos subterr\u00e1neos; maquinaria para fabricaci\u00f3n de material pirot\u00e9cnico; explosivos, sistemas de iniciaci\u00f3n y material pirot\u00e9cnico; materiales, equipos, sistemas de protecci\u00f3n e instalaciones para atm\u00f3sferas potencialmente explosivas; detectores de gases t\u00f3xicos e inflamables; talleres de reparaci\u00f3n de material ATEX.<\/li>\n<li><em>estudios e investigaci\u00f3n para la Administraci\u00f3n: <\/em>An\u00e1lisis de riesgos de incendio y explosi\u00f3n; control de productos en el mercado; detectores de gas; equipos de protecci\u00f3n individual; ergonom\u00eda; evaluaci\u00f3n de riesgos electrost\u00e1ticos; seguridad de proceso de polvos combustibles y mezclas h\u00edbridas; explosivos y pirotecnia; investigaci\u00f3n de accidentes; productos, materiales y equipos para miner\u00eda; seguridad laboral e industrial.<\/li>\n<li><em>Formaci\u00f3n: <\/em>Prevenci\u00f3n de Riesgos Laborales; Equipos e Instalaciones ATEX; Maquinas; Pirotecnia; Certificaci\u00f3n de Personas (ISO 17024).<\/li>\n<\/ul>\n<p><a href=\"http:\/\/www.lom.upm.es\/\" target=\"_blank\">Enlace\u00a0LOM<\/a><\/p>\n","protected":false},"excerpt":{"rendered":"<p>La Fundaci\u00f3n General de la UPM, a trav\u00e9s de una encomienda de la UPM, desarrolla la gesti\u00f3n econ\u00f3mico\/administrativa de las actividades desarrolladas por el Laboratorio Oficial Madariaga. Dicha gesti\u00f3n\u00a0se desarrolla al amparo del art\u00edculo 83 de la LOU. El LOM es un Centro de la Universidad Polit\u00e9cnica de Madrid amparado en los art\u00edculos 3.2 G  [&#8230;]<\/p>\n","protected":false},"author":2,"featured_media":0,"parent":0,"menu_order":0,"comment_status":"closed","ping_status":"closed","template":"","meta":{"footnotes":""},"class_list":["post-11842","page","type-page","status-publish","hentry"],"_links":{"self":[{"href":"https:\/\/www.fgupm.es\/index.php?rest_route=\/wp\/v2\/pages\/11842","targetHints":{"allow":["GET"]}}],"collection":[{"href":"https:\/\/www.fgupm.es\/index.php?rest_route=\/wp\/v2\/pages"}],"about":[{"href":"https:\/\/www.fgupm.es\/index.php?rest_route=\/wp\/v2\/types\/page"}],"author":[{"embeddable":true,"href":"https:\/\/www.fgupm.es\/index.php?rest_route=\/wp\/v2\/users\/2"}],"replies":[{"embeddable":true,"href":"https:\/\/www.fgupm.es\/index.php?rest_route=%2Fwp%2Fv2%2Fcomments&post=11842"}],"version-history":[{"count":2,"href":"https:\/\/www.fgupm.es\/index.php?rest_route=\/wp\/v2\/pages\/11842\/revisions"}],"predecessor-version":[{"id":11844,"href":"https:\/\/www.fgupm.es\/index.php?rest_route=\/wp\/v2\/pages\/11842\/revisions\/11844"}],"wp:attachment":[{"href":"https:\/\/www.fgupm.es\/index.php?rest_route=%2Fwp%2Fv2%2Fmedia&parent=11842"}],"curies":[{"name":"wp","href":"https:\/\/api.w.org\/{rel}","templated":true}]}}