{"id":11857,"date":"2016-04-22T08:28:12","date_gmt":"2016-04-22T08:28:12","guid":{"rendered":"https:\/\/www.fgupm.es\/?page_id=11857"},"modified":"2021-02-03T10:32:22","modified_gmt":"2021-02-03T10:32:22","slug":"prolinter-programa-de-lenguas-para-la-internacionalizacion-de-la-upm","status":"publish","type":"page","link":"https:\/\/www.fgupm.es\/?page_id=11857","title":{"rendered":"Centro de Lenguas de la UPM"},"content":{"rendered":"<p>La Fundaci\u00f3n General de la UPM, a trav\u00e9s de una encomienda de la UPM, desarrolla la gesti\u00f3n econ\u00f3mico\/administrativa del Centro de Lenguas de la UPM.<\/p>\n<p>El Centro de Lenguas de la UPM desarrolla una oferta flexible de Cursos de Lenguas adaptada a las demandas de la comunidad universitaria y organiza diferentes pruebas de acreditaci\u00f3n de idiomas.<\/p>\n<p>El objetivo principal es la formaci\u00f3n de la comunidad universitaria, brindando diferentes opciones que permitan mejorar su comunicaci\u00f3n en lenguas extranjeras, y facilitando la integraci\u00f3n de los visitantes con el aprendizaje de la lengua y cultura espa\u00f1olas.<\/p>\n<p><a href=\"http:\/\/www.lenguas.upm.es\" target=\"_blank\" rel=\"noopener\">Enlace Centro de Lenguas<\/a><\/p>\n","protected":false},"excerpt":{"rendered":"<p>La Fundaci\u00f3n General de la UPM, a trav\u00e9s de una encomienda de la UPM, desarrolla la gesti\u00f3n econ\u00f3mico\/administrativa del Centro de Lenguas de la UPM. El Centro de Lenguas de la UPM desarrolla una oferta flexible de Cursos de Lenguas adaptada a las demandas de la comunidad universitaria y organiza diferentes pruebas de acreditaci\u00f3n de  [&#8230;]<\/p>\n","protected":false},"author":2,"featured_media":0,"parent":0,"menu_order":0,"comment_status":"closed","ping_status":"closed","template":"","meta":{"footnotes":""},"class_list":["post-11857","page","type-page","status-publish","hentry"],"_links":{"self":[{"href":"https:\/\/www.fgupm.es\/index.php?rest_route=\/wp\/v2\/pages\/11857","targetHints":{"allow":["GET"]}}],"collection":[{"href":"https:\/\/www.fgupm.es\/index.php?rest_route=\/wp\/v2\/pages"}],"about":[{"href":"https:\/\/www.fgupm.es\/index.php?rest_route=\/wp\/v2\/types\/page"}],"author":[{"embeddable":true,"href":"https:\/\/www.fgupm.es\/index.php?rest_route=\/wp\/v2\/users\/2"}],"replies":[{"embeddable":true,"href":"https:\/\/www.fgupm.es\/index.php?rest_route=%2Fwp%2Fv2%2Fcomments&post=11857"}],"version-history":[{"count":6,"href":"https:\/\/www.fgupm.es\/index.php?rest_route=\/wp\/v2\/pages\/11857\/revisions"}],"predecessor-version":[{"id":13379,"href":"https:\/\/www.fgupm.es\/index.php?rest_route=\/wp\/v2\/pages\/11857\/revisions\/13379"}],"wp:attachment":[{"href":"https:\/\/www.fgupm.es\/index.php?rest_route=%2Fwp%2Fv2%2Fmedia&parent=11857"}],"curies":[{"name":"wp","href":"https:\/\/api.w.org\/{rel}","templated":true}]}}