{"id":12177,"date":"2017-04-06T09:20:12","date_gmt":"2017-04-06T09:20:12","guid":{"rendered":"https:\/\/www.fgupm.es\/?page_id=12177"},"modified":"2017-06-28T12:17:31","modified_gmt":"2017-06-28T12:17:31","slug":"nosolotecnica","status":"publish","type":"page","link":"https:\/\/www.fgupm.es\/?page_id=12177","title":{"rendered":"NoS\u00f3loT\u00e9cnica"},"content":{"rendered":"<div class=\"fusion-fullwidth fullwidth-box fusion-builder-row-1 hundred-percent-fullwidth non-hundred-percent-height-scrolling\" style=\"--awb-border-radius-top-left:0px;--awb-border-radius-top-right:0px;--awb-border-radius-bottom-right:0px;--awb-border-radius-bottom-left:0px;--awb-overflow:visible;--awb-flex-wrap:wrap;\" ><div class=\"fusion-builder-row fusion-row\"><div class=\"fusion-layout-column fusion_builder_column fusion-builder-column-0 fusion_builder_column_1_1 1_1 fusion-one-full fusion-column-first fusion-column-last\" style=\"--awb-bg-size:cover;\"><div class=\"fusion-column-wrapper fusion-flex-column-wrapper-legacy\"><div class=\"fusion-text fusion-text-1\"><p style=\"text-align: left;\">Una de las misiones fundamentales de la Fundaci\u00f3n General de la Universidad Polit\u00e9cnica de Madrid es desarrollar actividades que no son propiamente de la Universidad Polit\u00e9cnica de Madrid, pero que mejoran el presente y el futuro de la comunidad educativa y del conjunto de la sociedad.<\/p>\n<p>Esta misi\u00f3n fundamental est\u00e1 definida en el documento Misi\u00f3n, Visi\u00f3n y Valores del Plan Estrat\u00e9gico 2017-2020 aprobado por el patronato de diciembre de 2016, y se desarrolla a trav\u00e9s de la puesta en marcha de actividades enmarcadas dentro de unos fines que se contemplan en el art\u00edculo 6 de sus estatutos fundacionales.<\/p>\n<p><strong>nosolotecnica<\/strong> es una iniciativa que pretende dar respuesta a esta misi\u00f3n, mediante la ejecuci\u00f3n de actividades de promoci\u00f3n cultural.<\/p>\n<p>Actualmente <strong>nosolotecnica<\/strong> cuenta con 2 actuaciones, a la que se ir\u00e1n incorporando otros proyectos de promoci\u00f3n de la cultura.<\/p>\n<\/div><div class=\"fusion-clearfix\"><\/div><\/div><\/div><div class=\"fusion-layout-column fusion_builder_column fusion-builder-column-1 fusion_builder_column_3_5 3_5 fusion-three-fifth fusion-column-first\" style=\"--awb-bg-size:cover;width:58.4%; margin-right: 4%;\"><div class=\"fusion-column-wrapper fusion-flex-column-wrapper-legacy\"><div class=\"fusion-image-element in-legacy-container\" style=\"--awb-caption-title-font-family:var(--h2_typography-font-family);--awb-caption-title-font-weight:var(--h2_typography-font-weight);--awb-caption-title-font-style:var(--h2_typography-font-style);--awb-caption-title-size:var(--h2_typography-font-size);--awb-caption-title-transform:var(--h2_typography-text-transform);--awb-caption-title-line-height:var(--h2_typography-line-height);--awb-caption-title-letter-spacing:var(--h2_typography-letter-spacing);\"><span class=\" fusion-imageframe imageframe-none imageframe-1 hover-type-none\"><a class=\"fusion-no-lightbox\" href=\"http:\/\/www.upm.es\/UPM\/Actividades_Culturales\/Acceso_Actividades\" target=\"_blank\" aria-label=\"carrete6\" rel=\"noopener noreferrer\"><img decoding=\"async\" width=\"1100\" height=\"300\" alt=\"Actividades Culturales de la UPM\" src=\"https:\/\/www.fgupm.es\/wp-content\/uploads\/2015\/07\/carrete6.jpg\" class=\"img-responsive wp-image-11565\" srcset=\"https:\/\/www.fgupm.es\/wp-content\/uploads\/2015\/07\/carrete6-300x82.jpg 300w, https:\/\/www.fgupm.es\/wp-content\/uploads\/2015\/07\/carrete6-1024x279.jpg 1024w, https:\/\/www.fgupm.es\/wp-content\/uploads\/2015\/07\/carrete6.jpg 1100w\" sizes=\"(max-width: 1100px) 100vw, 1100px\" \/><\/a><\/span><\/div><div class=\"fusion-clearfix\"><\/div><\/div><\/div><div class=\"fusion-layout-column fusion_builder_column fusion-builder-column-2 fusion_builder_column_2_5 2_5 fusion-two-fifth fusion-column-last\" style=\"--awb-bg-size:cover;width:37.6%;\"><div class=\"fusion-column-wrapper fusion-flex-column-wrapper-legacy\"><div class=\"fusion-text fusion-text-2\"><h2 style=\"text-align: left;\"><a href=\"http:\/\/www.upm.es\/UPM\/Actividades_Culturales\/Acceso_Actividades\">Actividades Culturales<\/a><\/h2>\n<\/div><div class=\"fusion-clearfix\"><\/div><\/div><\/div><div class=\"fusion-layout-column fusion_builder_column fusion-builder-column-3 fusion_builder_column_3_5 3_5 fusion-three-fifth fusion-column-first\" style=\"--awb-bg-size:cover;width:58.4%; margin-right: 4%;\"><div class=\"fusion-column-wrapper fusion-flex-column-wrapper-legacy\"><div class=\"fusion-image-element in-legacy-container\" style=\"--awb-caption-title-font-family:var(--h2_typography-font-family);--awb-caption-title-font-weight:var(--h2_typography-font-weight);--awb-caption-title-font-style:var(--h2_typography-font-style);--awb-caption-title-size:var(--h2_typography-font-size);--awb-caption-title-transform:var(--h2_typography-text-transform);--awb-caption-title-line-height:var(--h2_typography-line-height);--awb-caption-title-letter-spacing:var(--h2_typography-letter-spacing);\"><span class=\" fusion-imageframe imageframe-none imageframe-2 hover-type-none\"><a class=\"fusion-no-lightbox\" href=\"http:\/\/blogs.upm.es\/nosolotecnica\/\" target=\"_blank\" aria-label=\"nosolo2\" rel=\"noopener noreferrer\"><img decoding=\"async\" width=\"1100\" height=\"300\" alt=\"Blog UPM de animaci\u00f3n a la lectura\" src=\"https:\/\/www.fgupm.es\/wp-content\/uploads\/2017\/04\/nosolo2.jpg\" class=\"img-responsive wp-image-12181\" srcset=\"https:\/\/www.fgupm.es\/wp-content\/uploads\/2017\/04\/nosolo2-200x55.jpg 200w, https:\/\/www.fgupm.es\/wp-content\/uploads\/2017\/04\/nosolo2-400x109.jpg 400w, https:\/\/www.fgupm.es\/wp-content\/uploads\/2017\/04\/nosolo2-600x164.jpg 600w, https:\/\/www.fgupm.es\/wp-content\/uploads\/2017\/04\/nosolo2-800x218.jpg 800w, https:\/\/www.fgupm.es\/wp-content\/uploads\/2017\/04\/nosolo2.jpg 1100w\" sizes=\"(max-width: 800px) 100vw, 800px\" \/><\/a><\/span><\/div><div class=\"fusion-clearfix\"><\/div><\/div><\/div><div class=\"fusion-layout-column fusion_builder_column fusion-builder-column-4 fusion_builder_column_2_5 2_5 fusion-two-fifth fusion-column-last\" style=\"--awb-bg-size:cover;width:37.6%;\"><div class=\"fusion-column-wrapper fusion-flex-column-wrapper-legacy\"><div class=\"fusion-text fusion-text-3\"><h2 style=\"text-align: left;\"><a href=\"http:\/\/blogs.upm.es\/nosolotecnica\/\">Blog de Animaci\u00f3n a la Lectura<\/a><\/h2>\n<\/div><div class=\"fusion-clearfix\"><\/div><\/div><\/div><\/div><\/div>\n","protected":false},"excerpt":{"rendered":"","protected":false},"author":1,"featured_media":0,"parent":0,"menu_order":0,"comment_status":"closed","ping_status":"closed","template":"","meta":{"footnotes":""},"class_list":["post-12177","page","type-page","status-publish","hentry"],"_links":{"self":[{"href":"https:\/\/www.fgupm.es\/index.php?rest_route=\/wp\/v2\/pages\/12177","targetHints":{"allow":["GET"]}}],"collection":[{"href":"https:\/\/www.fgupm.es\/index.php?rest_route=\/wp\/v2\/pages"}],"about":[{"href":"https:\/\/www.fgupm.es\/index.php?rest_route=\/wp\/v2\/types\/page"}],"author":[{"embeddable":true,"href":"https:\/\/www.fgupm.es\/index.php?rest_route=\/wp\/v2\/users\/1"}],"replies":[{"embeddable":true,"href":"https:\/\/www.fgupm.es\/index.php?rest_route=%2Fwp%2Fv2%2Fcomments&post=12177"}],"version-history":[{"count":9,"href":"https:\/\/www.fgupm.es\/index.php?rest_route=\/wp\/v2\/pages\/12177\/revisions"}],"predecessor-version":[{"id":12245,"href":"https:\/\/www.fgupm.es\/index.php?rest_route=\/wp\/v2\/pages\/12177\/revisions\/12245"}],"wp:attachment":[{"href":"https:\/\/www.fgupm.es\/index.php?rest_route=%2Fwp%2Fv2%2Fmedia&parent=12177"}],"curies":[{"name":"wp","href":"https:\/\/api.w.org\/{rel}","templated":true}]}}